lculate the remainder when 113202851 is divided by 113202836.
15
Calculate the remainder when 355006 is divided by 16.
14
What is the remainder when 2643779 is divided by 1144?
1139
What is the remainder when 7879027 is divided by 679?
590
What is the remainder when 386322937 is divided by 27?
25
What is the remainder when 1638372521 is divided by 27?
20
Calculate the remainder when 347876 is divided by 173770.
336
Calculate the remainder when 97558 is divided by 7497.
97
Calculate the remainder when 943063 is divided by 10575.
1888
What is the remainder when 18787 is divided by 1649?
648
Calculate the remainder when 10758762 is divided by 89.
86
What is the remainder when 29648467 is divided by 4?
3
Calculate the remainder when 498635 is divided by 73.
45
What is the remainder when 532716 is divided by 10885?
10236
Calculate the remainder when 335299 is divided by 110431.
4006
Calculate the remainder when 2916344 is divided by 291632.
24
What is the remainder when 2414038 is divided by 68971?
53
What is the remainder when 3184296 is divided by 3359?
3323
What is the remainder when 3279059 is divided by 519?
17
Calculate the remainder when 43344745 is divided by 14448246.
7
Calculate the remainder when 63780 is divided by 296.
140
What is the remainder when 4077266 is divided by 54?
50
Calculate the remainder when 2330 is divided by 1144.
42
Calculate the remainder when 418290 is divided by 1615.
5
What is the remainder when 38754 is divided by 7743?
39
Calculate the remainder when 126832 is divided by 62576.
1680
What is the remainder when 13611 is divided by 2592?
651
Calculate the remainder when 9775156 is divided by 2826.
22
What is the remainder when 1346658 is divided by 131?
109
Calculate the remainder when 473269 is divided by 52.
17
What is the remainder when 19516 is divided by 9102?
1312
Calculate the remainder when 4198232 is divided by 6183.
6158
Calculate the remainder when 336478 is divided by 328621.
7857
What is the remainder when 1661855 is divided by 830491?
873
What is the remainder when 45568386 is divided by 6721?
6
What is the remainder when 18189436 is divided by 3421?
3400
What is the remainder when 1285640 is divided by 1278?
1250
Calculate the remainder when 4364915 is divided by 139.
37
What is the remainder when 43236461 is divided by 36?
29
What is the remainder when 2338681797 is divided by 10550?
10547
Calculate the remainder when 52910 is divided by 751.
340
What is the remainder when 6198267 is divided by 653?
644
What is the remainder when 5022307 is divided by 48?
19
Calculate the remainder when 1555765 is divided by 15557.
65
What is the remainder when 399037 is divided by 3142?
3
Calculate the remainder when 5419809 is divided by 21854.
17
What is the remainder when 185546 is divided by 1569?
404
Calculate the remainder when 80112 is divided by 3634.
164
Calculate the remainder when 42726 is divided by 11.
2
Calculate the remainder when 16470 is divided by 1602.
450
What is the remainder when 21656435 is divided by 14342?
15
What is the remainder when 13253 is divided by 2973?
1361
What is the remainder when 111055 is divided by 27742?
87
Calculate the remainder when 5149419 is divided by 321836.
43
Calculate the remainder when 115138 is divided by 8806.
660
What is the remainder when 295159 is divided by 7852?
4635
What is the remainder when 54348388 is divided by 118406?
34
What is the remainder when 31911 is divided by 15754?
403
What is the remainder when 40250 is divided by 790?
750
What is the remainder when 10956591 is divided by 5?
1
What is the remainder when 7699334 is divided by 800?
134
Calculate the remainder when 1078363 is divided by 185.
183
Calculate the remainder when 934344 is divided by 934315.
29
What is the remainder when 5110091 is divided by 39?
38
Calculate the remainder when 82123 is divided by 16329.
478
What is the remainder when 126966 is divided by 2449?
2067
Calculate the remainder when 102464 is divided by 1828.
96
What is the remainder when 39097811 is divided by 13032591?
38
Calculate the remainder when 42127783 is divided by 2451.
2446
What is the remainder when 571139 is divided by 190257?
368
What is the remainder when 1028524 is divided by 49?
14
Calculate the remainder when 18565548 is divided by 50.
48
What is the remainder when 1113438 is divided by 72?
30
What is the remainder when 3658891 is divided by 22?
5
Calculate the remainder when 7200621 is divided by 171.
153
What is the remainder when 258194 is divided by 35871?
7097
Calculate the remainder when 405793 is divided by 2753.
1102
What is the remainder when 4789748 is divided by 1127?
1125
Calculate the remainder when 270990 is divided by 270772.
218
Calculate the remainder when 2902621 is divided by 1364.
29
Calculate the remainder when 2257263 is divided by 41030.
613
What is the remainder when 26620030 is divided by 10427?
10326
Calculate the remainder when 11185128 is divided by 3010.
2978
What is the remainder when 11278 is divided by 1283?
1014
What is the remainder when 338806 is divided by 1412?
1338
Calculate the remainder when 17236792 is divided by 1006.
994
What is the remainder when 114196435 is divided by 3213?
3202
What is the remainder when 59120 is divided by 275?
270
What is the remainder when 151863 is divided by 5833?
205
Calculate the remainder when 81754165 is divided by 27251383.
16
Calculate the remainder when 27791394 is divided by 82223.
20
Calculate the remainder when 19161018 is divided by 1916101.
8
What is the remainder when 933845 is divided by 155530?
665
Calculate the remainder when 20572593 is divided by 6857524.
21
Calculate the remainder when 888684 is divided by 739.
406
Calculate the remainder when 325994 is divided by 17615.
8924
Calculate the remainder when 45791 is divided by 1235.
96
What is the remainder when 1160268 is divided by 2858?
2778
Calculate the remainder when 158664227 is divided by 20.
7
Calculate the remainder when 847685882 is divided by 1639.
1638
Calculate the remainder when 747068 is divided by 36.
32
Calculate the remainder when 45648166 is divided by 556.
10
Calculate the remainder when 6103174 is divided by 13384.
70
What is the remainder when 88841 is divided by 436?
333
What is the remainder when 886500 is divided by 131?
23
What is the remainder when 18692 is divided by 171?
53
What is the remainder when 4347946 is divided by 234?
226
Calculate the remainder when 7805653 is divided by 102705.
73
Calculate the remainder when 1492232 is divided by 90.
32
What is the remainder when 1738786 is divided by 211?
146
What is the remainder when 3426581 is divided by 148?
85
What is the remainder when 250320 is divided by 2611?
2275
What is the remainder when 176858978 is divided by 15?
8
What is the remainder when 491041 is divided by 3386?
71
What is the remainder when 3023185 is divided by 2595?
10
What is the remainder when 37013969 is divided by 66?
47
What is the remainder when 3245187 is divided by 16902?
3
What is the remainder when 9233937 is divided by 5665?
5652
What is the remainder when 3114383 is divided by 299?
298
What is the remainder when 2132592 is divided by 4?
0
What is the remainder when 9015304 is divided by 60?
4
Calculate the remainder when 37038 is divided by 369.
138
What is the remainder when 255710 is divided by 42592?
158
What is the remainder when 299894 is divided by 2399?
19
What is the remainder when 51844937 is divided by 3732?
3725
Calculate the remainder when 165158878 is divided by 27526478.
10
Calculate the remainder when 574737 is divided by 603.
78
What is the remainder when 2886560 is divided by 13061?
79
What is the remainder when 108247642 is divided by 206?
204
What is the remainder when 15425797 is divided by 34?
31
What is the remainder when 6685187 is divided by 1337037?
2
What is the remainder when 282797 is divided by 1021?
1001
Calculate the remainder when 19466 is divided by 8546.
2374
What is the remainder when 23531480 is divided by 251?
230
Calculate the remainder when 991834 is divided by 179.
174
What is the remainder when 5441190 is divided by 703?
673
What is the remainder when 198601 is divided by 3420?
241
What is the remainder when 8442 is divided by 3498?
1446
What is the remainder when 